20)/p)?
5
Let o = 2644 + 1710. What is the hundreds digit of o?
3
Let s(k) = -89*k + 108. Let j be s(14). Let p = -244 - j. What is the hundreds digit of p?
8
Let g(v) = -v**3 - 9*v**2 + 10*v + 1. Suppose -51*p = -53*p - 18. Let l be g(p). Let x = l + 177. What is the units digit of x?
8
Suppose -3*a - 5*q + 59 = 0, 5*a - 3*q - 53 = -0*q. Suppose -a*b - 6280 = -33*b. What is the units digit of b?
4
Let y(v) = -v**3 - 26*v**2 - 25*v + 6. Let a(z) = -4*z**2 + 9*z + 13. Let s be a(-3). Let w = -75 - s. What is the units digit of y(w)?
6
Let z = -336 - -364. Suppose -z*w = 22987 - 77867. What is the tens digit of w?
6
Suppose 3*h + 5*w = 2025, -h = -4*w - 85 - 573. What is the units digit of h?
0
Suppose 36*m - 34*m - 2 = 0, -5*m + 4291 = n. What is the thousands digit of n?
4
Suppose a + 6 = c, 4*a + 1 = -7. Let n(j) = 2*j**2 + 3*j**3 + j**3 + c*j**3 + 5*j - 8*j. What is the units digit of n(2)?
6
Suppose 3*x - 10*b - 93580 = -5*b, -4*x + 2*b = -124764. What is the thousands digit of x?
1
Suppose -33 = -22*m - 11*m. Let w(p) be the second derivative of 77*p**3/6 + p**2/2 + 2*p. What is the tens digit of w(m)?
7
Let d(b) = 21*b + 366. Let p be d(-14). Let j = p - -1646. What is the hundreds digit of j?
7
Let i(l) = 12*l**3 - 2*l**2 + 3*l + 5. Let j = -25 - -28. What is the units digit of i(j)?
0
Suppose 34*c + 4040952 = 78*c + 854164. What is the thousands digit of c?
2
Let g(q) = -17*q**2 - 17*q - 47. Let m(d) = -4*d**2 - 4*d - 12. Let a(r) = 2*g(r) - 9*m(r). Let i be a(-7). Suppose i = 3*j - 109. What is the tens digit of j?
6
Let f(p) = -p**3 + 27*p**2 + 9*p + 466. What is the thousands digit of f(-19)?
6
Let c = -66544 + 134910. What is the hundreds digit of c?
3
Suppose -6*l + 2592 = 3*l. Suppose -14*m = -8*m + l. Let y = m + 80. What is the tens digit of y?
3
Suppose 12*h - 48*h + 646152 = 73*h. What is the thousands digit of h?
5
Let u(q) = q**3 - 12 + 12 - 11*q - 12 + 8*q**2. Let y be u(-9). Suppose y*p - 8*p = -122. What is the tens digit of p?
6
Let t(o) be the second derivative of o**5/20 - 19*o**4/12 - 11*o**3/6 + 19*o**2/2 + 23*o + 2. What is the hundreds digit of t(21)?
6
Suppose 0 = 2*k + 5*o + 865, o + 4*o = 5. Let u = -131 - k. What is the hundreds digit of u?
3
Let f(c) = -599*c + 3609. What is the tens digit of f(0)?
0
Let n(p) = 21*p**3 + p**2 + 7*p + 5. Suppose -4*x + 24 = 4*q, -x + 5*q = -3*x + 21. What is the tens digit of n(x)?
0
Let p(a) = -3*a**3 + 14*a + 2. Let t be p(-4). Let g = t + -136. What is the units digit of g?
2
Let v be ((-534)/9)/((-12)/(-18)). Let x = -87 - v. Suppose 4*a + x*g = -a + 469, -2*a + 194 = 4*g. What is the tens digit of a?
9
Suppose -2*m - 9*f + 4*f = -24, -4 = -f. Suppose 0 = 4*n - q - 5, -m*n + 4*q - 6 = 2. Suppose -2*y - b + 177 = -80, -2 = n*b. What is the tens digit of y?
2
Suppose 6 = 3*x, -8*l + 3837 = 2*x - 3031. What is the tens digit of l?
5
Let v(q) be the third derivative of 3/8*q**4 + 1/15*q**5 + 0 + 19*q**2 - 1/120*q**6 + 0*q - 1/6*q**3. What is the units digit of v(4)?
5
Let a(s) be the third derivative of 0 - 30*s**2 + 0*s**3 + 0*s + 16/15*s**5 - 1/24*s**4. What is the units digit of a(1)?
3
Let w(z) = 4*z - 16. Let t(c) = 1. Let r(m) = -42*t(m) - 3*w(m). Let y(k) = -8*k**3 + 5*k**2 - 5*k. Let h be y(1). What is the units digit of r(h)?
2
Suppose 14*z = 12333 + 18747. What is the thousands digit of z?
2
Let p(h) be the second derivative of h**5/10 - h**4/4 + 2*h**3/3 - 9*h**2 - 22*h + 2. What is the units digit of p(6)?
0
Suppose 4*w = 6*w + 3*t - 6, 2*w = 2*t + 16. What is the hundreds digit of (-8)/w - 2054/(-6)?
3
Let c = 2219 - 1689. What is the tens digit of c?
3
Let k(q) be the first derivative of -q**2/2 + 22*q - 18. Let j be k(17). Suppose -j*f + 438 = -2*f + 5*m, -3*m - 292 = -2*f. What is the tens digit of f?
4
Let r(u) = u**3 - 42*u**2 - 9*u + 17. Let q be r(42). Let f = q + 487. What is the hundreds digit of f?
1
Suppose 0 = -145*z + 143*z + 4. Suppose l = -4*s + 5956, -z*s + 2984 = 21*l - 22*l. What is the tens digit of s?
9
Let b(y) = -2*y + 10. Let x be b(15). Let m(l) = -l**3 - 21*l**2 - 21*l - 21. Let n be m(x). What is the tens digit of 2/n + (94 - (4 + -1))?
8
Let q(m) = 64*m - 56. Let j be q(-22). What is the hundreds digit of 22/(-33) - j/9?
1
Let j(g) be the third derivative of 28*g**6/15 - g**5/15 + g**4/6 - g**3/6 + g**2 - 77. What is the tens digit of j(1)?
2
Let q = 53 + 82. Let y = q + -111. What is the tens digit of y?
2
Let c(p) = 59*p - 122. Let x(i) = -20*i + 41. Let o(v) = -6*c(v) - 17*x(v). Let w be o(7). What is the units digit of ((-7)/(w/3))/(1/237)?
9
Let m be (-23254)/70 - (-2)/10. Let k = m + 412. What is the tens digit of k?
8
Let a(x) = x**2 + 6*x + 8. Let h be a(-5). Let w be (-1 + h - (-7)/(-2))*10. Let f(z) = z**3 + 14*z**2 - 19*z - 18. What is the tens digit of f(w)?
4
Let z(u) = 7*u**2 + 202*u - 196. What is the hundreds digit of z(-45)?
8
Let x(k) = -8*k + 240. Let g be x(0). Let h = 3 + g. What is the units digit of h?
3
Suppose -4*v + 14312 = 3*b, 4*v - 17891 = -v - 4*b. What is the units digit of v?
5
What is the units digit of 5/(-45) - (-1 + 14404/(-36))?
1
Suppose 2*z = 2*u + 20, -2*u + 3*z + 2*z = 35. What is the units digit of (u/(-20) + 441/(-12))*-2?
3
Let y = -44 - -80. Let u be (142/(-4))/((-18)/y). Let n = u + -42. What is the units digit of n?
9
What is the hundreds digit of (-3912)/(-36)*(1 + -206)*-3?
8
Let s = -1789 - -3063. What is the tens digit of s?
7
Let m = 85 - 61. Suppose -12*a + 8*a = m. What is the units digit of ((-357)/(-2))/(-3)*(-8 - a)?
9
Suppose -3*z - 4 + 28 = 0. Let w(h) = h**2 - 11*h. Let x be w(z). What is the units digit of ((-17)/(-2))/((-4)/x)?
1
Let l(a) = 445*a**2 + 14*a - 145. Let y be l(7). Suppose -y = -18*i - 5*i. What is the hundreds digit of i?
9
Let h = 39 - 38. What is the hundreds digit of h/(5/2405)*1?
4
Let n = -854 + 1644. Let s be n/(-4)*(-84)/105. Suppose y = 3*y - s. What is the units digit of y?
9
Let h(a) = 13949*a - 510. What is the units digit of h(2)?
8
Let s(b) = b**3 - 7*b**2 + 21*b + 13. Let o(q) = 0 + 1 + 5 - 2*q**2 - q**2 + 10*q. Let l(f) = 13*o(f) - 6*s(f). What is the hundreds digit of l(-3)?
1
Suppose 3*k + 11 = -64. What is the units digit of ((-5064)/(-10) - -4) + (-15)/k?
1
Let u(b) = -737*b - 8. Let q = -376 + 374. What is the thousands digit of u(q)?
1
Suppose 5*k = -20, 4*f - 35690 = -2*k + 14550. What is the tens digit of f?
6
What is the ten thousands digit of (-1793)/978 + (-78479)/(-6)?
1
Suppose 0 = -f - 5*u - 113 + 129, -4*f + 42 = -2*u. Suppose -f*n + 5496 + 9574 = 0. What is the hundreds digit of n?
3
Let x = -4462 + 25141. What is the tens digit of x?
7
Let b be 2*(0 + (-6 - -3))*1. Let c be -1*8*(0 + 3/b). Suppose c*t - 4 = -f, -f = -0*f - 2*t - 4. What is the units digit of f?
4
What is the units digit of (-200)/(-160) - (-682617)/12?
6
Let l = -9658 - -5449. Let i = -2949 - l. What is the units digit of i?
0
Let t(a) = 8*a - 1. Let i be t(1). Suppose -c + 200 = i*c. Suppose 2*y - 41 - c = 0. What is the units digit of y?
3
Suppose 0 = -43*v + 90 + 38381 + 3798. What is the tens digit of v?
8
Let q be (-13 - -22)*2/6. Suppose t - 3 = q*h, 3*t = -2*h - 0*t + 9. Suppose 5*b - s - 131 = h, -5*b - 2*s + 127 = s. What is the tens digit of b?
2
Let m = 47242 - 6847. What is the tens digit of m?
9
Let m(h) = 11*h**2 - h + 23. Let j(l) = 2*l**3 - 6*l**2 - 3*l + 3. Let w be j(3). What is the hundreds digit of m(w)?
4
Let n = -13 - -15. Suppose 4*i = 3*g - 208, -n*g + 104 = i - 3*i. Let q = -43 - i. What is the units digit of q?
9
Let m be 3*40/(-15)*(-6)/(-1). Let s = m - -80. What is the tens digit of (-2*(-486)/4)/(48/s)?
6
Suppose u + 4*n = -0*n - 8, 0 = 5*u - 5*n - 60. Suppose 120 = 4*c - u*c. Let k = c + 105. What is the units digit of k?
5
Suppose -3*w = -m - 27, 3*w - 55 = 3*m + 38. What is the tens digit of 3740/m*108/(-15)?
1
Suppose 4*m - 4*u + 7*u = 346, 5*u - 350 = -4*m. Suppose 28*j - 122 = -10. What is the tens digit of (m - 0) + -3 + j + -2?
8
Let h be (-2 - (-646)/(-6)) + (-34)/102. Let d = -63 - h. What is the units digit of d?
7
What is the units digit of 1/1*(83 - 76) + 16660?
7
Let i = -78 + -367. Let b = 780 + i. What is the units digit of b?
5
Suppose r = 76 - 72. Suppose -r*o = -12, -3*m + 4*o = 2*o - 3. Suppose -4 = -m*j + j. Wh